ulate -7 + 20 + (9 - 18) + (13 - 2).
15
Evaluate (29 + -3 - -7) + 1.
34
What is the value of 201 + -47 - (129 + 16)?
9
-14 + 9 + 15 + (-4 - 9) + 23
20
-5 + 72 + -21 - -14
60
What is (1 - -2) + -51 + -46 + 36?
-58
Evaluate -138 + 176 + -13 + -2.
23
Evaluate 82 - 36 - (-11 + -6 + 13 + -4).
54
What is -26 + (4 + -36 - (-8 - 186))?
136
What is the value of (4 - 10) + 36 + (-267 - -273)?
36
What is the value of (1 + -6 - -1) + 1 - 6 - (-2161 - -2219)?
-67
What is the value of 0 + -1 + 6 + (5 + (-15 - 4) - 8)?
-17
What is -14 - (-20 - (-6 - (10 - 13)))?
3
What is the value of 1 + -11 + (-1 - -3 - (-25 - (6 + -33)))?
-10
Calculate (9 - (5 - -23)) + (75 - 61).
-5
Calculate 89 + -170 + 79 - (-37 - (3 + -2)).
36
-23 + 18 + -30 + 23 + (1 - -6)
-5
Evaluate 29 + (2 + -3 - (1 + -16 - (121 - 126))).
38
What is (-13 - (-42 - -82) - 87) + (9 - 0)?
-131
Calculate -36 + (-31 - -26 - -9).
-32
Evaluate 99 + 9 + 1 + (-30 - -42) + 1 + -15.
107
Calculate -3 + 8 + -1 + 11 + (-16 - 2).
-3
What is -47 - ((-49 - -36) + -4)?
-30
What is the value of (-17 - 0) + (-3 - (0 - 1))?
-19
-47 + 5 + (-11 - -15) + 9
-29
Calculate 185 - (71 + -4 + 21 + -43).
140
What is the value of 132 - 59 - 29 - -20?
64
Calculate -1 + 16 + (1 - -2 - 6) + 94 + -58.
48
What is 37 + (84 - 92 - 102)?
-73
Calculate (6 - (1 + 3)) + -8 + 3.
-3
What is (-1 - 2) + (37 + 6 - 44)?
-4
What is the value of -45 - ((-3 - (-3 + 8)) + -594 + 583)?
-26
Calculate -41 + (25 - (-42 + 71)).
-45
(-5 - 7) + -111 + 117 + -62
-68
Calculate -48 - (7 + 10 - -56).
-121
Calculate -719 - -732 - (-31 - (-4 - -8)).
48
14 + (-41 - 3) - (83 - 56)
-57
57 - (19 - (-8 + (-29 - -29)))
30
What is the value of 260 - 228 - (15 + 3)?
14
What is 4 - (-38 + -59 - -79)?
22
(19 - (-3 - 0)) + 9 - -10
41
(-416 - -510) + (-111 - -9)
-8
Calculate (125 - 41) + -137 + 130.
77
What is 7 + (7 - 0) - (-154 + 225)?
-57
What is 9 - (-43 + (16 - 26))?
62
Evaluate (35 - 30 - (-3 + 2 - 3)) + (32 - 5).
36
What is the value of (-26 + 24 - (-5 + 5 - -34)) + (6 - 12)?
-42
What is (67 - 72) + 26 + (-43 - -3)?
-19
10 + 1 - ((-3 - -11) + 8 - 6) - 9
-8
Calculate 44 + -5 + (48 - 84).
3
What is -48 - -52 - (5 + (6 - -84 - -2))?
-93
Evaluate 1 + (26 - 91 - -23).
-41
(-2 - -18) + (-76 - -60) + 11 + (33 - 1)
43
What is the value of -33 + -16 + (31 - 24)?
-42
-48 + (-44 - -69) + 32
9
Calculate (1 - 1 - 7 - (59 - (143 - 40))) + -1.
36
What is 107 + (75 - (121 - 9))?
70
What is the value of -4 + 6 - -47 - (-158 - -157 - (20 + -10))?
60
-318 + 281 - (-45 - 3)
11
Calculate 2 + 7 + (-9 - -10) - -4 - -29.
43
What is 66 + -30 + -5 + 11 + (-3 - -19)?
58
What is the value of 22 - (11 - (-7 + -3 + 44))?
45
What is the value of (3 - (-3 + -46)) + (-13 - -23) + (-3 - 0)?
59
Evaluate 54 + -4 - -3 - (24 - 12).
41
Calculate -35 + ((-5 - 19) + 20 - 24).
-63
Evaluate (99 + -139 - 30) + 103.
33
-6 - 5 - (-11 + 1) - (-7 + -2 - 0)
8
Evaluate -6367 - -6476 - (87 + 1).
21
What is -36 - (33 + -10 - 26) - 23?
-56
Evaluate -157 - (13 + -68 - 41).
-61
What is the value of 99 - (3 - ((13 - (10 + 6)) + -1))?
92
What is 125 + -19 + -40 + -31?
35
What is the value of -159 + (39 - 69 - -108)?
-81
(-36 + 10 + -44 - -25) + 2 + -5
-48
108 + -26 - 36 - 102
-56
What is 38 + (-18 - 20) - 12?
-12
Evaluate (-1 - -6) + (-322 - -340) + 8.
31
What is 3 - (-1 + 11 - (-5 - -36 - 74))?
-50
14 + -75 + 84 - 21
2
Calculate 17 + (-73 - ((12 - -1) + -16)).
-53
Calculate 11 + -4 + -16 + 56 + -38.
9
Calculate 110 - 77 - (9 + (85 - -3)).
-64
(122 - 3) + (-3734 - -3558)
-57
Calculate (-32 - -316) + (-766 - -617).
135
-81 + 22 - (-6 + 3 - ((7 - 10) + 6))
-53
-281 + 292 - ((0 - 1) + 11) - -20
21
What is the value of 2 - (9 - -2) - (490 - 548)?
49
What is the value of -4455 + 4548 + (-8 - 4) + -2 + (4 - 1)?
82
Evaluate (28 - (2 + (8 - 18))) + 8 + 3 - -13.
60
Calculate -21 + 43 + -25 - (0 - -16).
-19
What is the value of 846 - 962 - (-14 - 215)?
113
What is -11 - (7 + -10) - (77 - (29 + -4))?
-60
What is the value of (0 - 1 - -14) + (-34 - -12)?
-9
Evaluate -7 - (-1 + 2) - -25 - 7.
10
What is (-2 - 10 - (-23 + 14)) + 10 + -6?
1
(1 - 85) + (-3 - (-136 + 85)) + 4 + -37
-69
Evaluate -10 - ((-41 - -16) + 17 + (55 - -29)).
-86
Calculate (7 - (4 - 3 - -4 - (-33 + 38))) + -25.
-18
What is the value of -64 + (117 - 3) + -47?
3
Calculate -93 - (-59 + -14) - (-95 - 1).
76
What is the value of 6 + -3 + 1 - (-28 + (34 - -95))?
-97
What is 28 + -77 - (-5 - 16)?
-28
Evaluate 18 + -1 + -2 - (16 + -17 + -48 + 59).
5
What is the value of -3 + -19 - (57 + -57)?
-22
Evaluate 6 + -3 - (45 + -26 - -58).
-74
What is -51 + 51 + (-2 - (2 - 7))?
3
What is -71 + 96 + 25 - (11 + 1 + 1)?
37
What is 15 + 21 + -18 - 59 - (5 + -8)?
-38
What is the value of (-15 - -2 - ((1 - (16 - 3)) + 11)) + 36?
24
What is (-2 - -33) + -2 + -2 + 63?
90
What is -9 + (-7 - (0 + -1 + 180 + -218))?
23
What is the value of -63 + 111 + -41 - (0 - -12)?
-5
Calculate (-4 + (9 - 25) - -133) + (-4 - 17).
92
What is (6 - 3 - (-8 + 7 + -4 + -1)) + -39?
-30
Calculate -55 + (29 - -1) + (37 - 57).
-45
-44 - -43 - -24 - (2 - -80)
-59
(-7 - (7 + -5 - 7)) + (-50 - -2) + 3
-47
Evaluate -39 + 66 + 18 - 13.
32
Calculate -7 - (-22 + 99 + (-15 - 4)).
-65
What is 19 + -1 + (3 - 1) - (-154 + 49)?
125
72 - 33 - (-2 - -52) - (9 + -1)
-19
Calculate (15 + 0 + 0 - (0 + 5)) + 442 + -442.
10
What is the value of -48 + (8 - -33) - -51 - -27?
71
Calculate -230 - -293 - (1 - -9).
53
What is the value of 20 - ((-8 - (1 + -8)) + 10 + -18)?
29
Evaluate 14 + 1 + -842 + 798.
-29
Evaluate (5 + -3 - (18 - 38)) + 16.
38
Evaluate 72 + (2 - -12) + (8 - 9 - 0).
85
Evaluate (1 + -4 - (-7 - 3)) + -2 + -3896 + 3991.
100
Calculate 4 + 32 - (30 + -27 + 15 + -12).
30
Calculate -61 + 13 - (-10 - (-6 + (1 - 1))).
-44
Calculate 155 + -48 + 47 + -62.
92
What is the value of 37 - 25 - -26 - 54 - (-58 - 2)?
44
Calculate -14 - (3 + -67 + -18).
68
What is 7 + 4 + -2 + (5 - 3) - 39?
-28
51 + ((-17 - -21) + -6 + -3 - (-3 + -6))
55
Evaluate 3 - 111 - ((1 - 25) + 14 - -15).
-113
Evaluate -54 + (32 - -63) - (-10 - (3 - 1)).
53
What is 45 + (5 - (-12 + (50 - 15)))?
27
What is -97 + -6 - -14 - -13 - (-7 + 6)?
-75
(46 - 68) + -24 - (-5 - 5 - (-1 + 2))
-35
Calculate (-93 - -96) + 1 + -30 + -7 + (-9 - -11).
-31
Evaluate -168 + 155 - (25 + 0).
-38
What is -122 + 68 + -70 + 31?
-93
What is the value of (-5 - -60) + (-26 - (38 - 85))?
76
What is 3 + 2 + (-7 - (-19 - (-4 + -12))) + -16?
-15
-72 - (14 - (-4 + 1 - (63 + -78)))
-74
What is the value of (-172 - -189) + (2 + -1 + 2 - 97)?
-77
What is the value of (53 - 1) + -4 + 6 - ((-179 - -80) + 105)?
48
108 + (29 - 26) + 12
123
(10 - (2 + 8) - 12) + 20 + -69
-61
(-29 - -23) + 9 + -14 + -4 - 22
-37
Evaluate (-3 - -20 - (-8 + 0)) + (11 - -1).
37
Evaluate (2 + -7 + 10 - -10) + -14 + -27.
-26
Evaluate 3 + 58 - 40 - (26 + 0).
-5
What is the value of -1 - 57 - (344 + -294 - 53)?
-55
What is the value of 16 - ((-49 - -48) + 20 + -2 - 15)?
14
What is -90 - (80 + -62) - -84?
-24
What is the value of (120 - 122) + -38 - (-37 + -3)?
0
(24 - (25 - 15)) + 29 + 3 + 7
53
-6 - (4 + -3 + -1) - (123 + -142) - -26
39
2 + 5 - (-9 + (0 - 0) + 49 - 2)
-31
Calculate -161 + 142 - (-2 + 2 + -47).
28
Calculate 18 - (1 - -4 - (-32 + 8)).
-11
What is -27 - (34 + -69) - 51 - (3 + 2 + 8)?
-56
What is 18 - ((-10 - ((14 - 4) + -12)) + 11 - 1)?
16
Evaluate 19750 + -19695 + (30 - 2 - 1).
82
What is the value of -2 + 1 + 4 + (47 - 0)?
50
Evaluate -15 + 9 + (-69 - -34).
-41
-29 - -38 - -10 - (-12 + -5)
36
What is the value of 9 + 17 + -19 - (-4 - -4 - 10 - -1)?
16
What is the value of -74 + (91 - 142 - -77)?
-48
What is (-15 - (-6 + 4) - (91 - 36)) + 16?
-52
Calculate 39 - (-24 + (-45 - -53)).
55
Calculate 85 - ((-22 + 15 - -34) + -6).
64
What is the value of 11589 - 11483 - (2 + 96)?
8
Calculate -70 + 87 - 190 - -101.
-72
What is the value of -11 + 5 + (-1 - 3) + (-18 - -13)?
-15
What is -2 + -37 - (-25 - (-85 + 63))?
-36
(-115 - 23) + 199 - 22
39
(0 + 0 - (5 + -7)) + (84 - -27 - 29)
84
Evaluate 1180 - 1158 - (74 - 4).
-48
Evaluate 3 - ((-8 - 2) + -8 + 37).
-16
What is 3 + 7 + (-21 - -11) - (-9 - (-129 - -7))?
-113
What is -20 + (12 - 15 - -69)?
46
Evaluate 1 + 6 + -12 + (-12 - -23) + 6 - 72.
-60
-24 - (-13 + -9) - -25 - 35
-12
Evaluate -1 - (-1 + -1 + -2 + -4 - (907 - 954)).
-40
What is the value of (-19 + 11 - (-8 - (-47 - 